base 16, what is -13398 - 12?
-133aa
In base 13, what is -6 + b227?
b221
In base 4, what is 2110021222 - -11?
2110021233
In base 4, what is -3 - -12020020?
12020011
In base 3, what is -10111012 + 20222?
-10020020
In base 13, what is 18 + -1748?
-1730
In base 9, what is -525651 - 1?
-525652
In base 16, what is -4e1 - 10?
-4f1
In base 7, what is -2041 - 450?
-2521
In base 11, what is -457 + -60?
-507
In base 7, what is 225 - -2062?
2320
In base 7, what is 16 - 5153?
-5134
In base 7, what is 16 - -2000204?
2000223
In base 13, what is 1146 - -114?
125a
In base 12, what is 168 - 642?
-496
In base 5, what is -11230 + 3012?
-3213
In base 16, what is 1 + -cba46?
-cba45
In base 7, what is -2060 + 56?
-2001
In base 9, what is 4 + -44766?
-44762
In base 13, what is 5054a + 5?
50552
In base 6, what is 111 + -25333?
-25222
In base 15, what is -91 + -124?
-1b5
In base 7, what is -10042 - 13?
-10055
In base 13, what is 86362 - 2?
86360
In base 4, what is 2 + -323110232?
-323110230
In base 11, what is -271 - 221?
-492
In base 3, what is -220 + -21222202?
-22000122
In base 6, what is -205 + -10130?
-10335
In base 2, what is 1001 - 11001011110110?
-11001011101101
In base 9, what is -300 + -83?
-383
In base 3, what is -10 + 1102021210000?
1102021202220
In base 8, what is 14 - -7052?
7066
In base 16, what is f9 + 5?
fe
In base 5, what is 110 - 10434?
-10324
In base 5, what is -3320 - -10210?
1340
In base 14, what is 14 - 276d4?
-276c0
In base 7, what is -1 - -202?
201
In base 14, what is -63a - -26c5?
2089
In base 2, what is 0 - -10011011000000011?
10011011000000011
In base 11, what is 3411 + 1171?
4582
In base 14, what is -4 - -570b3?
570ad
In base 6, what is 122 - -513324?
513450
In base 16, what is 3a4 + 1ea?
58e
In base 5, what is -222443 - 320?
-223313
In base 8, what is 116 + -313?
-175
In base 12, what is -1b2015 - 0?
-1b2015
In base 6, what is -4 - 44521?
-44525
In base 9, what is -207783 + -2?
-207785
In base 2, what is -10 + -111101011111001000001?
-111101011111001000011
In base 8, what is 531 - -22?
553
In base 7, what is -3 + 14114?
14111
In base 12, what is -2 - 3335b9?
-3335bb
In base 8, what is 0 + -77534?
-77534
In base 7, what is 40602 + -30?
40542
In base 2, what is 101110111001011111000 - -100?
101110111001011111100
In base 11, what is -17964a3 - 2?
-17964a5
In base 9, what is -62373 - 5?
-62378
In base 12, what is 16 - -955?
96b
In base 8, what is -1302 + -1654?
-3156
In base 9, what is 36831 - -26?
36857
In base 3, what is 0 + -1201101001?
-1201101001
In base 4, what is -1103313332 - -2?
-1103313330
In base 13, what is 3 - -963?
966
In base 5, what is 4 + -1140423?
-1140414
In base 4, what is -1121 - -21231122?
21230001
In base 10, what is 81 + 5596?
5677
In base 14, what is -3 + -197c61?
-197c64
In base 15, what is 0 + 1055?
1055
In base 8, what is -10725 - -1?
-10724
In base 4, what is -22310 - -320131?
231221
In base 13, what is -18a + 4459?
429c
In base 13, what is 4c20cb + 2?
4c2100
In base 9, what is -4 - -32677?
32673
In base 8, what is -26 - 62315?
-62343
In base 9, what is -174473 + -8?
-174482
In base 10, what is 32535 + -9?
32526
In base 11, what is -5 + -554055?
-55405a
In base 3, what is -11111 + 2022021?
2010210
In base 3, what is -1 - 1002200200?
-1002200201
In base 9, what is -160 + 55121?
54851
In base 7, what is 0 - -206131?
206131
In base 3, what is -22202101 + 1122?
-22200202
In base 10, what is 195161 + 5?
195166
In base 11, what is 3 + 13233?
13236
In base 2, what is 101110011000011 + -1?
101110011000010
In base 12, what is 5 - 1a528?
-1a523
In base 8, what is 41165 - 77?
41066
In base 9, what is -2366557 - -5?
-2366552
In base 12, what is -1 + 16a96?
16a95
In base 11, what is -4368 + -22?
-438a
In base 5, what is 21233230 - 10?
21233220
In base 7, what is -13550 - 22?
-13602
In base 13, what is 8a + -4b3?
-426
In base 16, what is 4 - -87eca?
87ece
In base 3, what is -1 + -1120011011?
-1120011012
In base 6, what is 3 + -3334340?
-3334333
In base 7, what is -4 - 4251432?
-4251436
In base 11, what is -2 - 16036?
-16038
In base 4, what is 2 - 2302231230?
-2302231222
In base 12, what is -3 - 7684?
-7687
In base 2, what is -101 + -10111000000100?
-10111000001001
In base 3, what is 2 + -100110101?
-100110022
In base 13, what is 55168 + -2?
55166
In base 11, what is 933 - -78?
a00
In base 9, what is -185035 - 5?
-185041
In base 3, what is 202 - 10010?
-2101
In base 6, what is -13113 + 24?
-13045
In base 2, what is 10000101100111011 + 101?
10000101101000000
In base 7, what is -355 - 41661?
-42346
In base 8, what is -17 - -203305?
203266
In base 6, what is -53035210 - -4?
-53035202
In base 6, what is -3 + -1412435?
-1412442
In base 16, what is 3958f + -4?
3958b
In base 13, what is 12 - 8469?
-8457
In base 15, what is -a26c4 + 0?
-a26c4
In base 12, what is aa9b79 - 1?
aa9b78
In base 11, what is 130a39 + -4?
130a35
In base 9, what is -315 - -1133?
717
In base 4, what is 3100 - 11111?
-2011
In base 14, what is -5 + 74d35?
74d30
In base 12, what is -2 - 3852?
-3854
In base 6, what is -110 - -3205?
3055
In base 8, what is 25 + 350025?
350052
In base 14, what is 4d6c20 + -4?
4d6c1a
In base 14, what is -d + 69937?
69928
In base 10, what is -79511 + 5?
-79506
In base 7, what is -3 - 103663?
-103666
In base 5, what is -232 + -13010?
-13242
In base 14, what is 1 + -3943?
-3942
In base 3, what is 1021011200 - 122?
1021011001
In base 5, what is -32021 - -224?
-31242
In base 16, what is -247a + c?
-246e
In base 13, what is 20071 + c?
20080
In base 6, what is 21332 + 5?
21341
In base 11, what is a - -31a3a?
31a49
In base 7, what is 1246 + -4?
1242
In base 14, what is -31 - -6088?
6057
In base 11, what is -24 + 1431?
1408
In base 6, what is 212104 + -142?
211522
In base 10, what is 5 - -94189?
94194
In base 2, what is 1010 - -1110110010?
1110111100
In base 7, what is 2541 - 130?
2411
In base 4, what is -113333 + 2013?
-111320
In base 9, what is 12485 + -13?
12472
In base 11, what is 20 - 5108?
-5098
In base 14, what is 449 + -282?
1a7
In base 11, what is 4 + 87a?
883
In base 4, what is 30 + -202323102?
-202323012
In base 8, what is -140632 - -32?
-140600
In base 10, what is 148 - 17492?
-17344
In base 13, what is -14313 - 2?
-14315
In base 9, what is -3 - -136678?
136675
In base 6, what is -12524052 - -1?
-12524051
In base 13, what is b9b - -234?
1102
In base 3, what is -2011110202 - 12?
-2011110221
In base 16, what is 0 + -eafa?
-eafa
In base 13, what is -233 - 54?
-287
In base 8, what is 0 + -1064555?
-1064555
In base 3, what is -2 + 22201211?
22201202
In base 6, what is 2543523 + 2?
2543525
In base 8, what is -3 - -423?
420
In base 4, what is 3120020 + -2?
3120012
In base 3, what is 121100121 - 0?
121100121
In base 9, what is 422713 + -2?
422711
In base 10, what is -29944 + 6?
-29938
In base 6, what is 25 - 100502?
-100433
In base 16, what is -1215 - -e?
-1207
In base 16, what is 1d73d - 0?
1d73d
In base 14, what is 3 - -cbb?
cc0
In base 6, what is 534544 - 3?
534541
In base 7, what is -4121 + 450?
-3341
In base 7, what is 4 + 60466?
60503
In base 12, what is -1840 + a5?
-1757
In base 16, what is -7307 - -2?
-7305
In base 7, what is -2051604 + 46?
-2051525
In base 2, what is -1 + -101110001111111?
-101110010000000
In base 4, what is 33003131 + -3?
33003122
In base 14, what is 64dd - 1b?
64c2
In base 13, what is 192a - 12?
1918
In base 9, what is 4 - 3552?
-3547
In base 4, what is -330121110 + 2?
-330121102
In base 14, what is -5dd + -4d?
-64c
In base 15, what is 0 - -a073?
a073
In base 4, what is 0 - 2013230?
-2013230
In base 10, what is 1264032 - 0?
1264032
In base 11, what is 94019 + 11?
9402a
In base 16, what is -2d2 - 1ae?
-480
In base 5, what is 244423414 + -2?
244423412
In base 15, what is -28 + 509?
4d1
In base 8, what is 1 - 1266525?
-1266524
In base 7, what is 654 + -3256?
-2302
In base 8, what is -152517 - -3?
-152514
In base 14, what is 1905a + -54?
19006
In base 2, what is 10111111110011011 + 10101?
10111111110110000
In base 3, what is 2 - -111120001011?
111120001020
In base 7, what is -1 - -1512160?
1512156
In base 3, what is -11122 + 110020201?
110002002
In base 6, what is -412302 + 5?
-412253
In base 2, what is -1 - -100100110100?
100100110011
In base 3, what is -1220 - -1102012?
1100022
In base 6, what is 1 - -2125551?
2